{"id":2938,"date":"2019-03-26T11:28:56","date_gmt":"2019-03-26T14:28:56","guid":{"rendered":"http:\/\/webserver4.fumep.edu.br\/eep50anos\/site\/?page_id=2938"},"modified":"2019-10-03T20:56:55","modified_gmt":"2019-10-03T23:56:55","slug":"calendario","status":"publish","type":"page","link":"https:\/\/webserver4.fumep.edu.br\/eep50anos\/calendario\/","title":{"rendered":"Calend\u00e1rio"},"content":{"rendered":"<h3><strong>Fa\u00e7a parte desta hist\u00f3ria! Participe das festividades!<\/strong><\/h3>\n<p>&nbsp;<\/p>\n<h4><span style=\"color: #d0ad36;\"><strong>Janeiro<\/strong><\/span><\/h4>\n<p><strong>24 (qui.)<\/strong> &#8211; Formatura 2019 (Turma do Jubileu) \u2013 Local: Teatro Municipal Dr. Losso Neto \u2013 Hor\u00e1rio: 19h30<\/p>\n<p><strong>25 (sex.)<\/strong> &#8211; Formatura 2019 (Turma do Jubileu) \u2013 Local: Teatro Municipal Dr. Losso Neto \u2013 Hor\u00e1rio: 19h30<\/p>\n<p><strong>31 (qui.)<\/strong> &#8211; Formatura 2019 (Turma do Jubileu) \u2013 Local: Teatro Municipal Dr. Losso Neto \u2013 Hor\u00e1rio: 19h30<\/p>\n<hr \/>\n<h4><span style=\"color: #d0ad36;\"><strong>Fevereiro<\/strong><\/span><\/h4>\n<p><strong>01 (sex.)<\/strong> &#8211; Formatura 2019 (Turma do Jubileu) \u2013 Local: Sal\u00e3o Nobre (EEP\/FUMEP) \u2013 Hor\u00e1rio: 19h30<\/p>\n<p><strong>07 (qui.)<\/strong> &#8211; Dia do Anivers\u00e1rio da EEP<\/p>\n<p><strong>15 (sex.)<\/strong> &#8211; Aula Inaugural \u2013 \u201cOs fatores humanos nos tempos da tecnologia exponencial\u201d \u2013 Prof. Dr. Modesto Hurtado Ferrer \u2013 Local: Sal\u00e3o Nobre (EEP\/FUMEP) \u2013 Hor\u00e1rio: 19h30<\/p>\n<hr \/>\n<h4><span style=\"color: #d0ad36;\"><strong>Mar\u00e7o<\/strong><\/span><\/h4>\n<p><strong>11 (seg.)<\/strong> &#8211; In\u00edcio da Exposi\u00e7\u00e3o PiraCartum no Espa\u00e7o Cultural da Biblioteca FUMEP<\/p>\n<p><strong>15 (sex.)<\/strong><br \/>\n&#8211; Atividades no Campus: Sess\u00e3o Solene \u2013 Local: Sal\u00e3o Nobre (EEP\/FUMEP) \u2013 Hor\u00e1rio: 19h30<br \/>\n&#8211; Homenagens<br \/>\n&#8211; Depoimentos de alunos e ex-alunos<br \/>\n&#8211; Mo\u00e7\u00e3o de Aplausos \u2013 C\u00e2mara de Vereadores<br \/>\n&#8211; Coquetel<\/p>\n<p><strong>27 (qua.)<\/strong> &#8211; 3\u00ba EATIC \u2013 Encontro ATEPI de Tecnologia da Informa\u00e7\u00e3o e Comunica\u00e7\u00e3o \u2013 Tema \u201cGamifica\u00e7\u00e3o\u201d \u2013 Local: Sal\u00e3o Nobre (EEP\/FUMEP) \u2013 Hor\u00e1rio: 19h30<\/p>\n<p><strong>29 (sex.)<\/strong> &#8211; Comit\u00eas de Bacia PCJ comemoram os 50 anos da Escola e promovem reuni\u00e3o t\u00e9cnica com vistas \u00e0 sustentabilidade h\u00eddrica e ambiental \u2013 Local: Sal\u00e3o Nobre (EEP\/FUMEP) \u2013 Hor\u00e1rio: 09h<\/p>\n<p><strong>29 (sex.)<\/strong> &#8211; Sess\u00e3o Solene na C\u00e2mara Municipal de Piracicaba \u2013 Hor\u00e1rio: 19h30<\/p>\n<hr \/>\n<h4><span style=\"color: #d0ad36;\"><strong>Abril<\/strong><\/span><\/h4>\n<p><strong>13 (s\u00e1b.)<\/strong> &#8211; Dia do Rio Piracicaba &#8211; 25\u00ba Arrast\u00e3o Ecol\u00f3gico e Campanha Rio Vivo: juntos pela consci\u00eancia ambiental na bacia do Rio Piracicaba \u2013 Local: Largo dos Pescadores \u2013 Hor\u00e1rio: 08h<\/p>\n<p><strong>26 (sex.)<\/strong> &#8211; In\u00edcio do Inter EEP 50 anos \u2013 Local: EEP\/FUMEP \u2013 Hor\u00e1rio: 19h30<\/p>\n<p><strong>27 (s\u00e1b.)<\/strong> &#8211; Orquestra Sinf\u00f4nica de Piracicaba \u2013 Local: Teatro Municipal Dr. Losso Neto \u2013 Hor\u00e1rio: 17h30 e 20h<\/p>\n<hr \/>\n<h4><span style=\"color: #d0ad36;\"><strong>Maio<\/strong><\/span><\/h4>\n<p><strong>01 (qua.)<\/strong> &#8211; Final da Inter EEP 50 anos \u2013 Local: EEP\/FUMEP \u2013 Hor\u00e1rio: 08h<\/p>\n<p><strong>21 (ter.)<\/strong> &#8211; Semin\u00e1rio \u201cSeguran\u00e7a em Projetos de Caldeira e Vasos de Press\u00e3o\u201d \u2013 Local: Sal\u00e3o Nobre (EEP\/FUMEP) \u2013 Hor\u00e1rio: 19h30<\/p>\n<hr \/>\n<h4><span style=\"color: #d0ad36;\"><strong>Junho<\/strong><\/span><\/h4>\n<p><strong>01 (s\u00e1b.)<\/strong> \u2013 1\u00aa Jornada de Engenharia de Produ\u00e7\u00e3o \u2013 Local: Biblioteca da EEP\/FUMEP \u2013 09h<br \/>\n<strong>13 (qui.)<\/strong> &#8211; Corrida e caminhada EEP 50 anos &#8211; 5k e 2,5k \u2013 Local: Campus da EEP\/FUMEP \u2013 Hor\u00e1rio: 08h<\/p>\n<hr \/>\n<h4><span style=\"color: #d0ad36;\"><strong>Agosto<\/strong><\/span><\/h4>\n<p><strong>01 (qui.)<\/strong> &#8211; In\u00edcio da Exposi\u00e7\u00e3o Piracicaba e o Pescador de Imagens \u2013 Local: Biblioteca da EEP\/FUMEP \u2013 07h30<\/p>\n<p><strong>18 (dom.)<\/strong> &#8211; Esquadrilha da Fuma\u00e7a \u2013 Local: Aeroporto Pedro Morganti \u2013 Hor\u00e1rio: 10h<\/p>\n<p><strong> 19 a 24 (seg. a s\u00e1b.)<\/strong> &#8211; ENGETEC &#8211; Local: Sal\u00e3o Nobre (EEP\/FUMEP) \u2013 Hor\u00e1rio: 19h30<\/p>\n<p><strong>23 a 25 (sex. a dom.)<\/strong> &#8211; 13\u00ba BAJA Regional \u2013 Etapa Sudeste 2019 \u2013 Local: Campus EEP\/FUMEP \u2013 Hor\u00e1rio: 08h<\/p>\n<p><strong>24 e 25 (s\u00e1b. e dom.)<\/strong> &#8211; Encontro de Carros Antigos &#8211; Local: Campus EEP\/FUMEP \u2013 Hor\u00e1rio: 08h<\/p>\n<hr \/>\n<h4><span style=\"color: #d0ad36;\"><strong>Setembro<\/strong><\/span><\/h4>\n<p><strong>02 (seg.) <\/strong> \u2013 In\u00edcio da Exposi\u00e7\u00e3o Caricaturas de Sal\u00e3o \u2013 Local: Biblioteca da EEP\/FUMEP \u2013 Hor\u00e1rio: 07h30<\/p>\n<p><strong>14 (s\u00e1b.)<\/strong> &#8211; Maratona de Programa\u00e7\u00e3o \u2013 Local: Bloco 9 EEP\/FUMEP \u2013 Hor\u00e1rio: 09h<\/p>\n<hr \/>\n<h4><span style=\"color: #d0ad36;\"><strong>Outubro<\/strong><\/span><\/h4>\n<p><strong>05 (s\u00e1b.)<\/strong>\u00a0\u2013 Concurso Pontes de Macarr\u00e3o \u2013 Local: Biblioteca da EEP\/FUMEP \u2013 Hor\u00e1rio: 09h<\/p>\n<p><strong>07 a 11 (seg. a sex.)<\/strong>\u00a0\u2013 Semana das Engenharias Civil e Ambiental \u2013 Local: Sal\u00e3o Nobre (EEP\/FUMEP) \u2013 Hor\u00e1rio: 19h30<\/p>\n<p><strong>20 (dom.)\u00a0<\/strong>\u2013 Encontro Alunos de Todos os Tempos (ex-alunos, alunos, professores e funcion\u00e1rios) \u2013 Campus EEP\/FUMEP \u2013 Hor\u00e1rio: 08h<\/p>\n<p><strong>23 (qua.)\u00a0<\/strong>\u2013 Projetos Mecatr\u00f4nicos \u2013 Local: Biblioteca da EEP\/FUMEP \u2013 Hor\u00e1rio: 19h<\/p>\n<hr \/>\n<h4><span style=\"color: #d0ad36;\"><strong>Novembro<\/strong><\/span><\/h4>\n<p><strong>04 a 08 (seg. a s\u00e1b.)<\/strong> &#8211; Jornada de Administra\u00e7\u00e3o &#8211; Local: Sal\u00e3o Nobre (EEP\/FUMEP) \u2013 Hor\u00e1rio: 19h30<\/p>\n<p><strong>30 (s\u00e1b.)<\/strong> &#8211; Competi\u00e7\u00e3o de Aerobarcos \u2013 Local: Parque da Rua do Porto \u2013 Hor\u00e1rio: 09h<\/p>\n<hr \/>\n<h4><span style=\"color: #d0ad36;\"><strong>Dezembro<\/strong><\/span><\/h4>\n<p><strong>19 (qui.)\u00a0<\/strong>\u2013 Jantar de Gala dos Colaboradores da EEP \u2013 Buffet Vila Francesa\u00a0\u2013 Hor\u00e1rio: 19h<\/p>\n<hr \/>\n<p><span style=\"color: #999999; font-size: 13px;\"><em>Obs.: As datas s\u00e3o previs\u00f5es com possibilidade de altera\u00e7\u00f5es.<\/em><\/span><\/p>\n","protected":false},"excerpt":{"rendered":"<p>Fa\u00e7a parte desta hist\u00f3ria! Participe das festividades! &nbsp; Janeiro 24 (qui.) &#8211; Formatura 2019 (Turma do Jubileu) \u2013 Local: Teatro Municipal Dr. Losso Neto \u2013 Hor\u00e1rio: 19h30 25 (sex.) &#8211; Formatura 2019 (Turma do Jubileu) \u2013 Local: Teatro Municipal Dr. Losso Neto \u2013 Hor\u00e1rio: 19h30 31 (qui.) &#8211; Formatura 2019 (Turma do Jubileu) \u2013 Local: [&hellip;]<\/p>\n","protected":false},"author":1,"featured_media":0,"parent":0,"menu_order":0,"comment_status":"closed","ping_status":"closed","template":"","meta":{"footnotes":""},"class_list":["post-2938","page","type-page","status-publish","hentry"],"yoast_head":"<!-- This site is optimized with the Yoast SEO plugin v23.7 - https:\/\/yoast.com\/wordpress\/plugins\/seo\/ -->\n<title>Calend\u00e1rio - EEP 50 Anos<\/title>\n<meta name=\"description\" content=\"Fa\u00e7a parte desta hist\u00f3ria! Participe das festividades! Janeiro24 (qui.) - Formatura 2019 (Turma do Jubileu)25 (sex.) - Formatura 2019 (Turma do Jubileu)\" \/>\n<meta name=\"robots\" content=\"index, follow, max-snippet:-1, max-image-preview:large, max-video-preview:-1\" \/>\n<link rel=\"canonical\" href=\"https:\/\/webserver4.fumep.edu.br\/eep50anos\/calendario\/\" \/>\n<meta property=\"og:locale\" content=\"pt_BR\" \/>\n<meta property=\"og:type\" content=\"article\" \/>\n<meta property=\"og:title\" content=\"Calend\u00e1rio - EEP 50 Anos\" \/>\n<meta property=\"og:description\" content=\"Fa\u00e7a parte desta hist\u00f3ria! Participe das festividades! Janeiro24 (qui.) - Formatura 2019 (Turma do Jubileu)25 (sex.) - Formatura 2019 (Turma do Jubileu)\" \/>\n<meta property=\"og:url\" content=\"https:\/\/webserver4.fumep.edu.br\/eep50anos\/calendario\/\" \/>\n<meta property=\"og:site_name\" content=\"EEP 50 Anos\" \/>\n<meta property=\"article:modified_time\" content=\"2019-10-03T23:56:55+00:00\" \/>\n<meta name=\"twitter:card\" content=\"summary_large_image\" \/>\n<meta name=\"twitter:label1\" content=\"Est. tempo de leitura\" \/>\n\t<meta name=\"twitter:data1\" content=\"3 minutos\" \/>\n<script type=\"application\/ld+json\" class=\"yoast-schema-graph\">{\"@context\":\"https:\/\/schema.org\",\"@graph\":[{\"@type\":\"WebPage\",\"@id\":\"https:\/\/webserver4.fumep.edu.br\/eep50anos\/calendario\/\",\"url\":\"https:\/\/webserver4.fumep.edu.br\/eep50anos\/calendario\/\",\"name\":\"Calend\u00e1rio - EEP 50 Anos\",\"isPartOf\":{\"@id\":\"https:\/\/webserver4.fumep.edu.br\/eep50anos\/#website\"},\"datePublished\":\"2019-03-26T14:28:56+00:00\",\"dateModified\":\"2019-10-03T23:56:55+00:00\",\"description\":\"Fa\u00e7a parte desta hist\u00f3ria! Participe das festividades! Janeiro24 (qui.) - Formatura 2019 (Turma do Jubileu)25 (sex.) - Formatura 2019 (Turma do Jubileu)\",\"breadcrumb\":{\"@id\":\"https:\/\/webserver4.fumep.edu.br\/eep50anos\/calendario\/#breadcrumb\"},\"inLanguage\":\"pt-BR\",\"potentialAction\":[{\"@type\":\"ReadAction\",\"target\":[\"https:\/\/webserver4.fumep.edu.br\/eep50anos\/calendario\/\"]}]},{\"@type\":\"BreadcrumbList\",\"@id\":\"https:\/\/webserver4.fumep.edu.br\/eep50anos\/calendario\/#breadcrumb\",\"itemListElement\":[{\"@type\":\"ListItem\",\"position\":1,\"name\":\"In\u00edcio\",\"item\":\"https:\/\/webserver4.fumep.edu.br\/eep50anos\/\"},{\"@type\":\"ListItem\",\"position\":2,\"name\":\"Calend\u00e1rio\"}]},{\"@type\":\"WebSite\",\"@id\":\"https:\/\/webserver4.fumep.edu.br\/eep50anos\/#website\",\"url\":\"https:\/\/webserver4.fumep.edu.br\/eep50anos\/\",\"name\":\"EEP 50 Anos\",\"description\":\"Escola de Engenharia de Piracicaba\",\"potentialAction\":[{\"@type\":\"SearchAction\",\"target\":{\"@type\":\"EntryPoint\",\"urlTemplate\":\"https:\/\/webserver4.fumep.edu.br\/eep50anos\/?s={search_term_string}\"},\"query-input\":{\"@type\":\"PropertyValueSpecification\",\"valueRequired\":true,\"valueName\":\"search_term_string\"}}],\"inLanguage\":\"pt-BR\"}]}<\/script>\n<!-- \/ Yoast SEO plugin. -->","yoast_head_json":{"title":"Calend\u00e1rio - EEP 50 Anos","description":"Fa\u00e7a parte desta hist\u00f3ria! Participe das festividades! Janeiro24 (qui.) - Formatura 2019 (Turma do Jubileu)25 (sex.) - Formatura 2019 (Turma do Jubileu)","robots":{"index":"index","follow":"follow","max-snippet":"max-snippet:-1","max-image-preview":"max-image-preview:large","max-video-preview":"max-video-preview:-1"},"canonical":"https:\/\/webserver4.fumep.edu.br\/eep50anos\/calendario\/","og_locale":"pt_BR","og_type":"article","og_title":"Calend\u00e1rio - EEP 50 Anos","og_description":"Fa\u00e7a parte desta hist\u00f3ria! Participe das festividades! Janeiro24 (qui.) - Formatura 2019 (Turma do Jubileu)25 (sex.) - Formatura 2019 (Turma do Jubileu)","og_url":"https:\/\/webserver4.fumep.edu.br\/eep50anos\/calendario\/","og_site_name":"EEP 50 Anos","article_modified_time":"2019-10-03T23:56:55+00:00","twitter_card":"summary_large_image","twitter_misc":{"Est. tempo de leitura":"3 minutos"},"schema":{"@context":"https:\/\/schema.org","@graph":[{"@type":"WebPage","@id":"https:\/\/webserver4.fumep.edu.br\/eep50anos\/calendario\/","url":"https:\/\/webserver4.fumep.edu.br\/eep50anos\/calendario\/","name":"Calend\u00e1rio - EEP 50 Anos","isPartOf":{"@id":"https:\/\/webserver4.fumep.edu.br\/eep50anos\/#website"},"datePublished":"2019-03-26T14:28:56+00:00","dateModified":"2019-10-03T23:56:55+00:00","description":"Fa\u00e7a parte desta hist\u00f3ria! Participe das festividades! Janeiro24 (qui.) - Formatura 2019 (Turma do Jubileu)25 (sex.) - Formatura 2019 (Turma do Jubileu)","breadcrumb":{"@id":"https:\/\/webserver4.fumep.edu.br\/eep50anos\/calendario\/#breadcrumb"},"inLanguage":"pt-BR","potentialAction":[{"@type":"ReadAction","target":["https:\/\/webserver4.fumep.edu.br\/eep50anos\/calendario\/"]}]},{"@type":"BreadcrumbList","@id":"https:\/\/webserver4.fumep.edu.br\/eep50anos\/calendario\/#breadcrumb","itemListElement":[{"@type":"ListItem","position":1,"name":"In\u00edcio","item":"https:\/\/webserver4.fumep.edu.br\/eep50anos\/"},{"@type":"ListItem","position":2,"name":"Calend\u00e1rio"}]},{"@type":"WebSite","@id":"https:\/\/webserver4.fumep.edu.br\/eep50anos\/#website","url":"https:\/\/webserver4.fumep.edu.br\/eep50anos\/","name":"EEP 50 Anos","description":"Escola de Engenharia de Piracicaba","potentialAction":[{"@type":"SearchAction","target":{"@type":"EntryPoint","urlTemplate":"https:\/\/webserver4.fumep.edu.br\/eep50anos\/?s={search_term_string}"},"query-input":{"@type":"PropertyValueSpecification","valueRequired":true,"valueName":"search_term_string"}}],"inLanguage":"pt-BR"}]}},"_links":{"self":[{"href":"https:\/\/webserver4.fumep.edu.br\/eep50anos\/wp-json\/wp\/v2\/pages\/2938"}],"collection":[{"href":"https:\/\/webserver4.fumep.edu.br\/eep50anos\/wp-json\/wp\/v2\/pages"}],"about":[{"href":"https:\/\/webserver4.fumep.edu.br\/eep50anos\/wp-json\/wp\/v2\/types\/page"}],"author":[{"embeddable":true,"href":"https:\/\/webserver4.fumep.edu.br\/eep50anos\/wp-json\/wp\/v2\/users\/1"}],"replies":[{"embeddable":true,"href":"https:\/\/webserver4.fumep.edu.br\/eep50anos\/wp-json\/wp\/v2\/comments?post=2938"}],"version-history":[{"count":24,"href":"https:\/\/webserver4.fumep.edu.br\/eep50anos\/wp-json\/wp\/v2\/pages\/2938\/revisions"}],"predecessor-version":[{"id":3995,"href":"https:\/\/webserver4.fumep.edu.br\/eep50anos\/wp-json\/wp\/v2\/pages\/2938\/revisions\/3995"}],"wp:attachment":[{"href":"https:\/\/webserver4.fumep.edu.br\/eep50anos\/wp-json\/wp\/v2\/media?parent=2938"}],"curies":[{"name":"wp","href":"https:\/\/api.w.org\/{rel}","templated":true}]}}